567
List the prime factors of 230539.
230539
List the prime factors of 1063969.
1063969
What are the prime factors of 17824603?
19, 643, 1459
What are the prime factors of 735652?
2, 353, 521
What are the prime factors of 5305235?
5, 13, 81619
List the prime factors of 7802461.
509, 15329
List the prime factors of 16998062.
2, 17, 499943
List the prime factors of 110723.
263, 421
List the prime factors of 9383071.
9383071
What are the prime factors of 684342?
2, 3, 19, 23, 29
List the prime factors of 75415.
5, 15083
List the prime factors of 6110240.
2, 5, 38189
What are the prime factors of 31377?
3, 10459
List the prime factors of 315394.
2, 31, 5087
List the prime factors of 15579725.
5, 7, 127, 701
What are the prime factors of 401712?
2, 3, 8369
List the prime factors of 32005465.
5, 6401093
List the prime factors of 394696.
2, 103, 479
List the prime factors of 3184875.
3, 5, 19, 149
What are the prime factors of 1622475?
3, 5, 7211
What are the prime factors of 16798381?
2731, 6151
List the prime factors of 86781.
3, 28927
What are the prime factors of 219262?
2, 37, 2963
List the prime factors of 2408187.
3, 802729
List the prime factors of 22944104.
2, 29, 98897
What are the prime factors of 105755?
5, 13, 1627
List the prime factors of 490449.
3, 163483
List the prime factors of 553762.
2, 11, 25171
What are the prime factors of 1414149?
3, 11, 42853
List the prime factors of 464923.
464923
What are the prime factors of 6197421?
3, 2065807
What are the prime factors of 1220609?
13, 93893
List the prime factors of 1742830.
2, 5, 397, 439
List the prime factors of 797965.
5, 7, 3257
List the prime factors of 13347332.
2, 3336833
What are the prime factors of 5294363?
977, 5419
What are the prime factors of 652606?
2, 37, 8819
What are the prime factors of 17177236?
2, 401, 10709
List the prime factors of 1131295.
5, 11, 67, 307
What are the prime factors of 193517?
29, 6673
List the prime factors of 1069125.
3, 5, 2851
List the prime factors of 2347612.
2, 586903
List the prime factors of 418105.
5, 83621
What are the prime factors of 232364?
2, 11, 5281
What are the prime factors of 482409?
3, 17, 1051
List the prime factors of 743604.
2, 3, 61967
List the prime factors of 17655702.
2, 3, 439, 6703
What are the prime factors of 7591564?
2, 19, 23, 43, 101
What are the prime factors of 2335804?
2, 641, 911
List the prime factors of 4212335.
5, 23, 36629
What are the prime factors of 487720?
2, 5, 89, 137
What are the prime factors of 590976?
2, 3, 19
What are the prime factors of 32894?
2, 16447
What are the prime factors of 8961462?
2, 3, 263, 631
List the prime factors of 47888.
2, 41, 73
List the prime factors of 185253.
3, 61751
List the prime factors of 1165301.
1165301
What are the prime factors of 20824748?
2, 7, 709, 1049
List the prime factors of 372239.
7, 41, 1297
What are the prime factors of 16609?
17, 977
What are the prime factors of 219098?
2, 11, 23, 433
List the prime factors of 5828610.
2, 3, 5, 37, 59, 89
What are the prime factors of 13321016?
2, 439, 3793
List the prime factors of 1119866.
2, 11, 109, 467
What are the prime factors of 904455?
3, 5, 101, 199
List the prime factors of 692747.
11, 71, 887
List the prime factors of 83455.
5, 16691
List the prime factors of 341373.
3, 19, 53, 113
What are the prime factors of 110313?
3, 7, 17, 103
List the prime factors of 909118.
2, 7, 64937
List the prime factors of 7470255.
3, 5, 13, 29, 1321
List the prime factors of 1016832.
2, 3, 331
What are the prime factors of 1037749?
83, 12503
List the prime factors of 9559953.
3, 13, 101, 809
What are the prime factors of 96567?
3, 32189
List the prime factors of 3534350.
2, 5, 70687
What are the prime factors of 38673048?
2, 3, 1109, 1453
What are the prime factors of 225577?
11, 20507
What are the prime factors of 882743?
71, 12433
List the prime factors of 9767876.
2, 79, 30911
List the prime factors of 286409.
31, 9239
List the prime factors of 214316.
2, 131, 409
List the prime factors of 185379.
3, 61, 1013
List the prime factors of 775082.
2, 7, 11, 719
List the prime factors of 8062021.
11, 732911
List the prime factors of 2184740.
2, 5, 313, 349
List the prime factors of 615605.
5, 123121
List the prime factors of 136320.
2, 3, 5, 71
List the prime factors of 1395406.
2, 697703
What are the prime factors of 20022181?
19, 53, 59, 337
List the prime factors of 488567.
488567
What are the prime factors of 221415?
3, 5, 29, 509
What are the prime factors of 5770627?
41, 97, 1451
List the prime factors of 9217.
13, 709
List the prime factors of 5395225.
5, 11, 23, 853
List the prime factors of 6214766.
2, 3107383
List the prime factors of 100117.
53, 1889
List the prime factors of 4624194.
2, 3, 797, 967
List the prime factors of 102489.
3, 127, 269
What are the prime factors of 3512769?
3, 13, 90071
List the prime factors of 292712.
2, 7, 5227
List the prime factors of 3795198.
2, 3, 11, 57503
What are the prime factors of 7974579?
3, 2658193
List the prime factors of 1648097.
11, 149827
List the prime factors of 7169064.
2, 3, 7, 139, 307
What are the prime factors of 2663405?
5, 73, 7297
List the prime factors of 251624.
2, 71, 443
List the prime factors of 1764286.
2, 47, 137
What are the prime factors of 19047943?
1693, 11251
What are the prime factors of 4068516?
2, 3, 23, 14741
What are the prime factors of 13192897?
19, 61, 11383
What are the prime factors of 292643?
13, 22511
List the prime factors of 1319747.
11, 13, 839
List the prime factors of 1875293.
7, 267899
What are the prime factors of 116016?
2, 3, 2417
What are the prime factors of 662545?
5, 13, 10193
List the prime factors of 16050336.
2, 3, 167191
List the prime factors of 224969.
224969
What are the prime factors of 1115078?
2, 103, 5413
List the prime factors of 40934.
2, 97, 211
List the prime factors of 21363887.
21363887
What are the prime factors of 278198?
2, 19, 7321
What are the prime factors of 1781813?
11, 161983
List the prime factors of 43790.
2, 5, 29, 151
List the prime factors of 22792.
2, 7, 11, 37
What are the prime factors of 25497041?
23, 1108567
What are the prime factors of 5169688?
2, 139, 4649
List the prime factors of 158039.
7, 107, 211
What are the prime factors of 278774?
2, 139387
What are the prime factors of 83610?
2, 3, 5, 929
What are the prime factors of 1118077?
31, 36067
List the prime factors of 83563.
83563
What are the prime factors of 655504?
2, 53, 773
What are the prime factors of 1657613?
571, 2903
What are the prime factors of 70119?
3, 7, 53
List the prime factors of 11188.
2, 2797
List the prime factors of 6316825.
5, 37, 6829
What are the prime factors of 7513531?
19, 395449
What are the prime factors of 159419?
13, 12263
What are the prime factors of 2445931?
31, 78901
What are the prime factors of 41820?
2, 3, 5, 17, 41
What are the prime factors of 3163701?
3, 223, 4729
List the prime factors of 321029.
251, 1279
List the prime factors of 1446529.
7, 53, 557
List the prime factors of 2736391.
7, 43, 9091
List the prime factors of 347948.
2, 37, 2351
What are the prime factors of 447137?
447137
List the prime factors of 645013.
645013
List the prime factors of 1369186.
2, 7, 13, 7523
What are the prime factors of 208135?
5, 41627
What are the prime factors of 4106302?
2, 1297, 1583
What are the prime factors of 14124?
2, 3, 11, 107
What are the prime factors of 5395024?
2, 337189
What are the prime factors of 188836?
2, 17, 2777
List the prime factors of 235312.
2, 7, 11, 191
What are the prime factors of 755773?
353, 2141
What are the prime factors of 1094585?
5, 179, 1223
List the prime factors of 393012.
2, 3, 1213
What are the prime factors of 5253354?
2, 3, 291853
What are the prime factors of 583885?
5, 31, 3767
What are the prime factors of 255539?
47, 5437
What are the prime factors of 8609554?
2, 47, 91591
List the prime factors of 3992549.
11, 83, 4373
List the prime factors of 403227.
3, 11, 4073
List the prime factors of 266150.
2, 5, 5323
List the prime factors of 1153806.
2, 3, 103, 1867
List the prime factors of 1389703.
7, 198529
List the prime factors of 1962497.
17, 67, 1723
What are the prime factors of 4198853?
59, 71167
List the prime factors of 15912342.
2, 3, 294673
Lis